{"id":111,"date":"2022-02-24T10:55:56","date_gmt":"2022-02-24T09:55:56","guid":{"rendered":"http:\/\/cugnac.be\/?page_id=111"},"modified":"2026-02-20T18:57:08","modified_gmt":"2026-02-20T17:57:08","slug":"antipodes-2","status":"publish","type":"page","link":"https:\/\/cugnac.be\/index.php\/antipodes-2\/","title":{"rendered":"Antipodes"},"content":{"rendered":"\n<p class=\"has-text-color\" style=\"color:#808080\">2007-2012<\/p>\n\n\n\n<div style=\"height:20px\" aria-hidden=\"true\" class=\"wp-block-spacer\"><\/div>\n\n\n\n<figure class=\"wp-block-image size-full is-resized\"><img loading=\"lazy\" decoding=\"async\" width=\"898\" height=\"900\" src=\"http:\/\/cugnac.be\/wp-content\/uploads\/2022\/02\/Antipodes.jpg\" alt=\"\" class=\"wp-image-69\" style=\"width:674px;height:675px\" srcset=\"https:\/\/cugnac.be\/wp-content\/uploads\/2022\/02\/Antipodes.jpg 898w, https:\/\/cugnac.be\/wp-content\/uploads\/2022\/02\/Antipodes-300x300.jpg 300w, https:\/\/cugnac.be\/wp-content\/uploads\/2022\/02\/Antipodes-150x150.jpg 150w, https:\/\/cugnac.be\/wp-content\/uploads\/2022\/02\/Antipodes-768x770.jpg 768w\" sizes=\"auto, (max-width: 898px) 100vw, 898px\" \/><figcaption class=\"wp-element-caption\">Antipodes \/ image \u00e0 pi\u00e9tiner \/ toile \/ 2007<\/figcaption><\/figure>\n\n\n\n<p class=\"has-text-color has-medium-font-size\" style=\"color:#808080;font-style:normal;font-weight:500\">Love me tender<\/p>\n\n\n\n<p class=\"has-text-color has-small-font-size\" style=\"color:#808080;font-style:normal;font-weight:400;line-height:1.3\"><strong>Flac<\/strong>. J\u2019ai lu <em>Flac<\/em><sup>1<\/sup>. Et je l\u2019ai pris dans la gueule.<br>Il en est sorti une image, une bouche ouverte comme une \u00e9coutille, une respiration, un cri, un chant, un r\u00e2le, une aspiration, une expiration, une inspiration. Une invitation \u00e0 y p\u00e9n\u00e9trer, \u00e0 y remonter le cours du temps, \u00e0 la recherche de l\u2019origine du monde, \u00e0 notre origine, \u00e0 notre \u00eatre le plus intime.<br>D\u00e9licieuse et terrifiante, enivrante, sensuelle, irr\u00e9sistible.<br>J\u2019ai plong\u00e9 dans cette bouche fascinante et en est sortie \u00e0 son tour une logorrh\u00e9e d\u2019images&nbsp;: la digue \u00e9tait rompue.<br>Clair-obscur, du noir absolu vers la lumi\u00e8re. Nette, claquante, impitoyable, trop vraie parfois pour \u00eatre identifiable, l\u2019image met notre cerveau en d\u00e9route.<br>L\u2019image parle \u00e0 l\u2019\u00e2me.<br>Si <em>le regardeur fait le tableau,<br>Qui es-tu, toi qui me regarde?<\/em><\/p>\n\n\n\n<p class=\"has-text-color has-small-font-size\" style=\"color:#808080;font-style:normal;font-weight:400;line-height:1.3\"><strong>Tabou<\/strong>. J\u2019ai touch\u00e9 au tabou.<br>Las du rejet, j\u2019ai d\u00e9cid\u00e9 de plaire.<br>Je croyais que le nu f\u00e9minin plaisait, poncif de l\u2019art de tous les temps. Mes nus cosmiques ont sem\u00e9 l\u2019effroi.<br>J\u2019en ai pris le contrepied, l\u2019infiniment grand, la lumi\u00e8re, la couleur, l\u2019image pieuse, l\u2019image que tout le monde aime : le coucher de soleil.<br>Du d\u00e9c\u00e8s de mon p\u00e8re \u00e0 un amour naissant, les couchers de soleil de l\u2019\u00eele de Ngor ont \u00e9t\u00e9 les rimes de mes \u00e9motions, le po\u00e8me de mes sentiments.<br>Plus tabou encore que le vagin, le coucher de soleil est une image formellement interdite en art contemporain.<\/p>\n\n\n\n<p class=\"has-text-color has-small-font-size\" style=\"color:#808080;font-style:normal;font-weight:400;line-height:1.3\"><strong>Aux Antipodes\u2026<\/strong> J\u2019ai fait le malin. Je me suis cass\u00e9 la pipe.<br>Deux fois! Een ezel stoot zich geen twee keer aan dezelfde steen.<br>Et je suis parti aux antipodes, l\u00e0 o\u00f9 les gens ont la t\u00eate en bas et les pieds en l\u2019air.<br>J\u2019en fais des images simples, ordinaires, pragmatiques, acad\u00e9miques, d\u00e9coratives, BCBG, dans l\u2019air du temps.<br>Marchez dessus, ce n\u2019est pas un blasph\u00e8me, c\u2019est un plaisir (aux antipodes) et lisez les titres, souriez-les, ne vous ennuyez plus : je ne revendique rien.<br>Je suis peintre du dimanche.<\/p>\n\n\n\n<p class=\"has-text-color has-small-font-size\" style=\"color:#808080;font-style:normal;font-weight:400;line-height:1.3\">Amiti\u00e9s \u00e0 tous<\/p>\n\n\n\n<p class=\"has-text-color has-small-font-size\" style=\"color:#808080;font-style:normal;font-weight:400;line-height:1.3\">Fabien de Cugnac<br>23-02-2010<\/p>\n\n\n\n<p class=\"has-text-color has-small-font-size\" style=\"color:#808080;font-style:normal;font-weight:300\">1 <em>Flac<\/em>, roman, Serge Andr\u00e9, \u00c9ditions QUE, France, 2001<\/p>\n\n\n\n<div style=\"height:100px\" aria-hidden=\"true\" class=\"wp-block-spacer\"><\/div>\n\n\n\n<figure class=\"wp-block-image size-large is-resized is-style-default\"><img loading=\"lazy\" decoding=\"async\" width=\"1024\" height=\"328\" src=\"http:\/\/cugnac.be\/wp-content\/uploads\/2022\/05\/Antipodes-a\u0300-2-1024x328.jpg\" alt=\"\" class=\"wp-image-531\" style=\"width:768px;height:246px\" srcset=\"https:\/\/cugnac.be\/wp-content\/uploads\/2022\/05\/Antipodes-a\u0300-2-1024x328.jpg 1024w, https:\/\/cugnac.be\/wp-content\/uploads\/2022\/05\/Antipodes-a\u0300-2-300x96.jpg 300w, https:\/\/cugnac.be\/wp-content\/uploads\/2022\/05\/Antipodes-a\u0300-2-768x246.jpg 768w, https:\/\/cugnac.be\/wp-content\/uploads\/2022\/05\/Antipodes-a\u0300-2-1536x492.jpg 1536w, https:\/\/cugnac.be\/wp-content\/uploads\/2022\/05\/Antipodes-a\u0300-2.jpg 2000w\" sizes=\"auto, (max-width: 1024px) 100vw, 1024px\" \/><figcaption class=\"wp-element-caption\">Antipodes \u00e0 deux \/ image \u00e0 pi\u00e9tiner \/ 2007<\/figcaption><\/figure>\n\n\n\n<div style=\"height:100px\" aria-hidden=\"true\" class=\"wp-block-spacer\"><\/div>\n\n\n\n<figure class=\"wp-block-image size-large is-resized is-style-default\"><img loading=\"lazy\" decoding=\"async\" width=\"768\" height=\"1024\" src=\"http:\/\/cugnac.be\/wp-content\/uploads\/2022\/05\/La-Condition-humaine-768x1024.jpg\" alt=\"\" class=\"wp-image-534\" style=\"width:768px;height:1024px\" srcset=\"https:\/\/cugnac.be\/wp-content\/uploads\/2022\/05\/La-Condition-humaine-768x1024.jpg 768w, https:\/\/cugnac.be\/wp-content\/uploads\/2022\/05\/La-Condition-humaine-225x300.jpg 225w, https:\/\/cugnac.be\/wp-content\/uploads\/2022\/05\/La-Condition-humaine.jpg 900w\" sizes=\"auto, (max-width: 768px) 100vw, 768px\" \/><figcaption class=\"wp-element-caption\">La condition humaine \/ toile \/ 2010<\/figcaption><\/figure>\n\n\n\n<div style=\"height:100px\" aria-hidden=\"true\" class=\"wp-block-spacer\"><\/div>\n\n\n\n<figure class=\"wp-block-image size-large is-resized\"><img loading=\"lazy\" decoding=\"async\" width=\"1024\" height=\"813\" src=\"http:\/\/cugnac.be\/wp-content\/uploads\/2022\/02\/IMG_9168-2-crop-1024x813.jpg\" alt=\"\" class=\"wp-image-53\" style=\"width:768px;height:610px\" srcset=\"https:\/\/cugnac.be\/wp-content\/uploads\/2022\/02\/IMG_9168-2-crop-1024x813.jpg 1024w, https:\/\/cugnac.be\/wp-content\/uploads\/2022\/02\/IMG_9168-2-crop-300x238.jpg 300w, https:\/\/cugnac.be\/wp-content\/uploads\/2022\/02\/IMG_9168-2-crop-768x610.jpg 768w, https:\/\/cugnac.be\/wp-content\/uploads\/2022\/02\/IMG_9168-2-crop-1536x1220.jpg 1536w, https:\/\/cugnac.be\/wp-content\/uploads\/2022\/02\/IMG_9168-2-crop-2048x1627.jpg 2048w\" sizes=\"auto, (max-width: 1024px) 100vw, 1024px\" \/><figcaption class=\"wp-element-caption\">La derni\u00e8re C\u00e8ne \/ image \u00e0 pi\u00e9tiner \/ 2007<\/figcaption><\/figure>\n\n\n\n<div style=\"height:100px\" aria-hidden=\"true\" class=\"wp-block-spacer\"><\/div>\n\n\n\n<figure class=\"wp-block-image size-large\"><img loading=\"lazy\" decoding=\"async\" width=\"768\" height=\"1024\" src=\"http:\/\/cugnac.be\/wp-content\/uploads\/2022\/02\/Jamais-deux-sans-trois-768x1024.jpg\" alt=\"\" class=\"wp-image-58\" srcset=\"https:\/\/cugnac.be\/wp-content\/uploads\/2022\/02\/Jamais-deux-sans-trois-768x1024.jpg 768w, https:\/\/cugnac.be\/wp-content\/uploads\/2022\/02\/Jamais-deux-sans-trois-225x300.jpg 225w, https:\/\/cugnac.be\/wp-content\/uploads\/2022\/02\/Jamais-deux-sans-trois-1152x1536.jpg 1152w, https:\/\/cugnac.be\/wp-content\/uploads\/2022\/02\/Jamais-deux-sans-trois.jpg 1500w\" sizes=\"auto, (max-width: 768px) 100vw, 768px\" \/><figcaption class=\"wp-element-caption\">Jamais deux sans trois \/ toile \/ 2010<\/figcaption><\/figure>\n\n\n\n<div style=\"height:100px\" aria-hidden=\"true\" class=\"wp-block-spacer\"><\/div>\n\n\n\n<figure class=\"wp-block-image size-large\"><img loading=\"lazy\" decoding=\"async\" width=\"768\" height=\"1024\" src=\"http:\/\/cugnac.be\/wp-content\/uploads\/2022\/02\/Captain-Igloo-768x1024.jpg\" alt=\"\" class=\"wp-image-60\" srcset=\"https:\/\/cugnac.be\/wp-content\/uploads\/2022\/02\/Captain-Igloo-768x1024.jpg 768w, https:\/\/cugnac.be\/wp-content\/uploads\/2022\/02\/Captain-Igloo-225x300.jpg 225w, https:\/\/cugnac.be\/wp-content\/uploads\/2022\/02\/Captain-Igloo-1152x1536.jpg 1152w, https:\/\/cugnac.be\/wp-content\/uploads\/2022\/02\/Captain-Igloo.jpg 1500w\" sizes=\"auto, (max-width: 768px) 100vw, 768px\" \/><figcaption class=\"wp-element-caption\">Captain Igloo \/ toile \/ 2010<\/figcaption><\/figure>\n\n\n\n<div style=\"height:100px\" aria-hidden=\"true\" class=\"wp-block-spacer\"><\/div>\n\n\n\n<figure class=\"wp-block-image size-large is-resized\"><img loading=\"lazy\" decoding=\"async\" width=\"1024\" height=\"768\" src=\"http:\/\/cugnac.be\/wp-content\/uploads\/2022\/02\/IMG_0386-8-1024x768.jpg\" alt=\"\" class=\"wp-image-50\" style=\"width:768px;height:576px\" srcset=\"https:\/\/cugnac.be\/wp-content\/uploads\/2022\/02\/IMG_0386-8-1024x768.jpg 1024w, https:\/\/cugnac.be\/wp-content\/uploads\/2022\/02\/IMG_0386-8-300x225.jpg 300w, https:\/\/cugnac.be\/wp-content\/uploads\/2022\/02\/IMG_0386-8-768x576.jpg 768w, https:\/\/cugnac.be\/wp-content\/uploads\/2022\/02\/IMG_0386-8-1536x1152.jpg 1536w, https:\/\/cugnac.be\/wp-content\/uploads\/2022\/02\/IMG_0386-8-2048x1536.jpg 2048w\" sizes=\"auto, (max-width: 1024px) 100vw, 1024px\" \/><figcaption class=\"wp-element-caption\">L&rsquo;Agneau Mystique \/ image \u00e0 pi\u00e9tiner \/ 2007<\/figcaption><\/figure>\n\n\n\n<div style=\"height:100px\" aria-hidden=\"true\" class=\"wp-block-spacer\"><\/div>\n\n\n\n<figure class=\"wp-block-image size-large is-resized\"><img loading=\"lazy\" decoding=\"async\" width=\"796\" height=\"1024\" src=\"http:\/\/cugnac.be\/wp-content\/uploads\/2022\/04\/Fleurr-de-mon-Coeurr-1024pix-796x1024.jpg\" alt=\"\" class=\"wp-image-412\" style=\"width:768px;height:1024px\" srcset=\"https:\/\/cugnac.be\/wp-content\/uploads\/2022\/04\/Fleurr-de-mon-Coeurr-1024pix-796x1024.jpg 796w, https:\/\/cugnac.be\/wp-content\/uploads\/2022\/04\/Fleurr-de-mon-Coeurr-1024pix-233x300.jpg 233w, https:\/\/cugnac.be\/wp-content\/uploads\/2022\/04\/Fleurr-de-mon-Coeurr-1024pix-768x989.jpg 768w, https:\/\/cugnac.be\/wp-content\/uploads\/2022\/04\/Fleurr-de-mon-Coeurr-1024pix.jpg 1024w\" sizes=\"auto, (max-width: 796px) 100vw, 796px\" \/><figcaption class=\"wp-element-caption\">Fleurr de mon C\u0153urr \/ toile \/ 2009<\/figcaption><\/figure>\n\n\n\n<div style=\"height:40px\" aria-hidden=\"true\" class=\"wp-block-spacer\"><\/div>\n\n\n<nav style=\"color: #808080; font-style:normal;font-weight:300;line-height:1.2;\" class=\"has-text-color has-small-font-size items-justified-left is-vertical wp-block-navigation is-content-justification-left is-layout-flex wp-container-core-navigation-is-layout-f40d5164 wp-block-navigation-is-layout-flex\" aria-label=\"Navigation En-t\u00eate\"><ul style=\"color: #808080; font-style:normal;font-weight:300;line-height:1.2;\" class=\"wp-block-navigation__container has-text-color has-small-font-size items-justified-left is-vertical wp-block-navigation has-small-font-size\"><li class=\"has-small-font-size wp-block-navigation-item wp-block-navigation-link\"><a class=\"wp-block-navigation-item__content\"  href=\"http:\/\/cugnac.be\/index.php\/expositions\"><span class=\"wp-block-navigation-item__label\"><strong>Expositions<\/strong><\/span><\/a><\/li><li class=\"has-small-font-size wp-block-navigation-item wp-block-navigation-link\"><a class=\"wp-block-navigation-item__content\"  href=\"http:\/\/Catalogues\"><span class=\"wp-block-navigation-item__label\">Catalogues<\/span><\/a><\/li><li class=\"has-small-font-size wp-block-navigation-item wp-block-navigation-link\"><a class=\"wp-block-navigation-item__content\"  href=\"http:\/\/2025-2026\"><span class=\"wp-block-navigation-item__label\">2025-2026<\/span><\/a><\/li><li class=\"has-small-font-size wp-block-navigation-item wp-block-navigation-link\"><a class=\"wp-block-navigation-item__content\"  href=\"http:\/\/cugnac.be\/index.php\/selfies-et-moi-et-moi-et-moi\/\"><span class=\"wp-block-navigation-item__label\">2018-2024<\/span><\/a><\/li><li class=\"has-small-font-size wp-block-navigation-item wp-block-navigation-link\"><a class=\"wp-block-navigation-item__content\"  href=\"http:\/\/cugnac.be\/index.php\/antipodes-2\/\"><span class=\"wp-block-navigation-item__label\"><em>2007-2012<\/em><\/span><\/a><\/li><li class=\"has-small-font-size wp-block-navigation-item wp-block-navigation-link\"><a class=\"wp-block-navigation-item__content\"  href=\"http:\/\/cugnac.be\/index.php\/vice-et-vertu\/\"><span class=\"wp-block-navigation-item__label\">2005-2007<\/span><\/a><\/li><li class=\"has-small-font-size wp-block-navigation-item wp-block-navigation-link\"><a class=\"wp-block-navigation-item__content\"  href=\"http:\/\/cugnac.be\/index.php\/le-fond-des-choses\/\"><span class=\"wp-block-navigation-item__label\"><em>2000-2005<\/em><\/span><\/a><\/li><li class=\"has-small-font-size wp-block-navigation-item wp-block-navigation-link\"><a class=\"wp-block-navigation-item__content\"  href=\"http:\/\/cugnac.be\/index.php\/un-peu-dhistoire\/\"><span class=\"wp-block-navigation-item__label\"><em>Un peu d\u2019histoire\u2026 1980-2018<\/em><\/span><\/a><\/li><li class=\"has-small-font-size wp-block-navigation-item wp-block-navigation-link\"><a class=\"wp-block-navigation-item__content\"  href=\"http:\/\/cugnac.be\/index.php\/contact-2\/\"><span class=\"wp-block-navigation-item__label\"><strong>Contact<\/strong><\/span><\/a><\/li><\/ul><\/nav>\n\n\n<p><\/p>\n","protected":false},"excerpt":{"rendered":"<p>2007-2012 Love me tender Flac. J\u2019ai lu Flac1. Et je l\u2019ai pris dans la gueule.Il en est sorti une image, une bouche ouverte comme une \u00e9coutille, une respiration, un cri, un chant, un r\u00e2le, une aspiration, une expiration, une inspiration. Une invitation \u00e0 y p\u00e9n\u00e9trer, \u00e0 y remonter le cours du temps, \u00e0 la recherche [&hellip;]<\/p>\n","protected":false},"author":1,"featured_media":0,"parent":0,"menu_order":0,"comment_status":"closed","ping_status":"closed","template":"page-no-separators","meta":{"footnotes":""},"class_list":["post-111","page","type-page","status-publish","hentry"],"_links":{"self":[{"href":"https:\/\/cugnac.be\/index.php\/wp-json\/wp\/v2\/pages\/111","targetHints":{"allow":["GET"]}}],"collection":[{"href":"https:\/\/cugnac.be\/index.php\/wp-json\/wp\/v2\/pages"}],"about":[{"href":"https:\/\/cugnac.be\/index.php\/wp-json\/wp\/v2\/types\/page"}],"author":[{"embeddable":true,"href":"https:\/\/cugnac.be\/index.php\/wp-json\/wp\/v2\/users\/1"}],"replies":[{"embeddable":true,"href":"https:\/\/cugnac.be\/index.php\/wp-json\/wp\/v2\/comments?post=111"}],"version-history":[{"count":20,"href":"https:\/\/cugnac.be\/index.php\/wp-json\/wp\/v2\/pages\/111\/revisions"}],"predecessor-version":[{"id":3084,"href":"https:\/\/cugnac.be\/index.php\/wp-json\/wp\/v2\/pages\/111\/revisions\/3084"}],"wp:attachment":[{"href":"https:\/\/cugnac.be\/index.php\/wp-json\/wp\/v2\/media?parent=111"}],"curies":[{"name":"wp","href":"https:\/\/api.w.org\/{rel}","templated":true}]}}